Does 4688 divide 18194128?
True
Does 20 divide 203073168?
False
Is 827386357 a multiple of 44?
False
Is 34 a factor of 7071762?
True
Does 27 divide 75284566?
False
Does 35 divide 1680312620?
True
Is 1090788882 a multiple of 27?
False
Is 390204100 a multiple of 1100?
True
Does 9 divide 5162724?
True
Is 12 a factor of 2034960?
True
Is 179113311 a multiple of 949?
True
Does 897 divide 4250191413?
True
Does 6172 divide 3928274324?
True
Is 4 a factor of 41046487?
False
Is 31 a factor of 61896260?
False
Is 376 a factor of 18376248?
True
Is 1455921810 a multiple of 7742?
True
Is 1831 a factor of 272941227?
False
Is 85 a factor of 352915750?
True
Is 1021635040 a multiple of 970?
True
Does 678 divide 63078389?
False
Is 851680347 a multiple of 1743?
True
Is 8 a factor of 391656216?
True
Is 38480091 a multiple of 101?
True
Is 398763227 a multiple of 1465?
False
Is 124992025 a multiple of 4275?
False
Does 13 divide 276555500?
True
Is 11597982 a multiple of 49?
False
Is 13 a factor of 4484107190?
False
Is 4518 a factor of 494996598?
True
Does 2 divide 5326076?
True
Is 5 a factor of 9043754?
False
Is 9 a factor of 2321793?
True
Is 258915665 a multiple of 4483?
True
Is 6993162 a multiple of 66?
True
Does 3022 divide 944665011?
False
Does 48 divide 720113?
False
Is 2328388 a multiple of 2?
True
Does 4 divide 10314132?
True
Is 41 a factor of 726830534?
True
Does 27 divide 375383565?
True
Is 72102169 even?
False
Is 1121407847 a multiple of 349?
True
Does 312 divide 162996002?
False
Is 26812004 even?
True
Is 680000751 a multiple of 981?
True
Is 512829807 a multiple of 5?
False
Does 33 divide 28391781?
True
Does 62 divide 246137768?
True
Is 551676089 a multiple of 2560?
False
Is 12119255 a multiple of 30?
False
Is 32 a factor of 12578316?
False
Is 68 a factor of 118657027?
False
Is 2784 a factor of 37678945?
False
Does 254 divide 27663648?
True
Is 2604566 a multiple of 187?
False
Is 69714163 a multiple of 975?
False
Is 16 a factor of 104756433?
False
Is 91 a factor of 100570256?
False
Is 127867508 a multiple of 214?
False
Does 6096 divide 710198926?
False
Is 43 a factor of 32441221?
True
Is 7 a factor of 2475690?
True
Is 929443277 a multiple of 127?
True
Is 62 a factor of 145245086?
False
Does 14 divide 1333897964?
True
Is 995661637 a multiple of 3774?
False
Is 1155 a factor of 112100835?
True
Does 26 divide 11940602?
False
Does 224 divide 369642754?
False
Does 110 divide 689108?
False
Is 5 a factor of 345096168?
False
Is 443625979 a multiple of 718?
False
Is 883769556 a multiple of 207?
False
Is 1694264 a multiple of 11?
True
Is 15 a factor of 57847335?
True
Is 432813828 a multiple of 1446?
True
Is 397 a factor of 14273768?
False
Is 1909 a factor of 69338453?
False
Does 71 divide 47678865?
False
Is 146767390 a multiple of 385?
True
Is 2306343630 a multiple of 626?
True
Is 21 a factor of 5016753?
True
Does 118 divide 196204146?
True
Does 8 divide 449531701?
False
Is 15012894 a multiple of 26?
True
Does 989 divide 11153942?
True
Is 1855 a factor of 35076907?
False
Is 136848002 a multiple of 39?
False
Does 57 divide 70470981?
True
Is 41 a factor of 50520569?
True
Is 29574407 a multiple of 41?
True
Does 7 divide 5782427?
True
Is 131 a factor of 21112217?
False
Is 4 a factor of 1439354330?
False
Is 16 a factor of 25482444?
False
Does 41 divide 189770263?
True
Does 212 divide 47231904?
True
Is 2427 a factor of 1070270669?
False
Is 4131883 a multiple of 56?
False
Is 3560049 a multiple of 12?
False
Does 2235 divide 42138690?
True
Is 27717214 a multiple of 406?
True
Is 10 a factor of 9449198?
False
Is 1172 a factor of 323700223?
False
Is 12 a factor of 1076436?
True
Is 36 a factor of 8659239?
False
Is 89 a factor of 103149709?
False
Does 22 divide 12763234?
True
Does 97 divide 17881077?
True
Is 67895 a multiple of 7?
False
Does 163 divide 71394815?
True
Is 145 a factor of 3847292540?
True
Is 2197826 a multiple of 97?
True
Is 53 a factor of 97530163?
False
Is 28 a factor of 1372889168?
True
Is 55244040 a multiple of 10?
True
Does 12 divide 7749120?
True
Is 758 a factor of 32268230?
False
Is 20231220 a multiple of 620?
True
Is 361131598 a multiple of 2428?
False
Is 8792830 a multiple of 357?
False
Is 26138304 a multiple of 288?
True
Is 2630 a factor of 36114508?
False
Is 225 a factor of 43917827?
False
Is 157 a factor of 16716652?
False
Is 121699113 a multiple of 10?
False
Is 28986395 a multiple of 155?
True
Does 6 divide 10975260?
True
Is 22554352 a multiple of 16?
True
Is 20302780 a multiple of 4?
True
Is 9 a factor of 46459478?
False
Is 160 a factor of 21420640?
True
Is 87 a factor of 4499553?
True
Is 1078 a factor of 35541660?
True
Is 144475200 a multiple of 800?
True
Is 1496 a factor of 43171181?
False
Does 4 divide 33447232?
True
Does 43 divide 59592066?
True
Is 78 a factor of 55994172?
True
Does 700 divide 47597095?
False
Does 157 divide 105812976?
True
Is 1035087714 a multiple of 69?
False
Is 883787852 a multiple of 316?
True
Is 222009023 a multiple of 50?
False
Does 2116 divide 101903003?
False
Is 274255966 a multiple of 6?
False
Is 82 a factor of 218035997?
False
Is 433 a factor of 1406343731?
True
Is 955065812 a multiple of 8990?
False
Does 34 divide 42468618?
True
Does 231 divide 292526673?
False
Is 22 a factor of 3714348?
True
Is 1210334 a multiple of 364?
False
Does 25 divide 8552575?
True
Is 111 a factor of 380705?
False
Is 17 a factor of 10213906?
True
Does 306 divide 116843802?
False
Is 45404015 a multiple of 5?
True
Does 155 divide 600005?
True
Is 1563 a factor of 43273218?
True
Is 28 a factor of 14450212?
True
Is 194 a factor of 1581876?
True
Does 17 divide 86816212?
True
Does 16 divide 511128864?
True
Does 116 divide 1168120?
True
Does 11 divide 173616204?
False
Is 1391489877 a multiple of 5434?
False
Is 37164237 a multiple of 22?
False
Does 376 divide 308716495?
False
Is 27087795 a multiple of 1695?
True
Does 8726 divide 712165425?
False
Is 251583154 a multiple of 36?
False
Does 68 divide 176437492?
True
Is 826 a factor of 2975242914?
True
Is 59237322 a multiple of 2?
True
Is 4765 a factor of 165991327?
False
Is 3 a factor of 136308270?
True
Is 80 a factor of 30404319?
False
Is 318 a factor of 53808816?
False
Is 482 a factor of 884952?
True
Is 4013333 a multiple of 337?
True
Is 80 a factor of 95736080?
True
Does 124 divide 11598836?
True
Is 582 a factor of 148721952?
True
Is 155 a factor of 33578599?
False
Is 217 a factor of 36325188?
False
Is 63286145 a multiple of 631?
True
Is 2554073 a multiple of 5309?
False
Is 42 a factor of 498710000?
False
Is 275298228 a multiple of 372?
True
Is 12 a factor of 3455352?
True
Is 52646799 a multiple of 370?
False
Is 797 a factor of 40944281?
True
Is 4 a factor of 77777768?
True
Does 518 divide 3453804886?
True
Does 583 divide 6937210863?
True
Is 891 a factor of 322176690?
True
Is 116 a factor of 9716740?
True
Is 209 a factor of 51190683?
False
Does 511 divide 101111059?
True
Is 1190511490 a multiple of 10?
True
Does 969 divide 109648164?
True
Is 15994550 a multiple of 110?
True
Is 143 a factor of 50227363?
False
Is 722 a factor of 15003160?
True
Is 80 a factor of 10388000?
True
Is 401836118 a multiple of 1254?
False
Does 2359 divide 86961320?
False
Is 409 a factor of 130552581?
False
Is 629 a factor of 1271614705?
True
Is 31098309 a multiple of 211?
False
Is 121 a factor of 249042904?
False
Is 637 a factor of 120836416?
False
Is 10 a factor of 547314388?
False
Is 6429 a factor of 1299172320?
True
Does 21 divide 3129467508?
False
Does 35 divide 11297755?
True
Is 206 a factor of 240241114?
True
Is 55 a factor of 231851130?
False
Does 110 divide 1222918620?
True
Does 609 divide 371317653?
True
Does 332 divide 100364596?
True
Is 423 a factor of 3743840?
False
Is 562 a factor of 4751148?
True
Does 14 divide 66230066?
True
Does 118 divide 102241690?
True
Is 19740139 a multiple of 33?
False
Is 186338087 a multiple of 749?
False
Does 39 divide 222898599?
False
Is 412 a factor of 900732940?
True
Is 126 a factor of 34469442?
True
Is 92 a factor of 262607744?
True
Does 180 divide 281040660?
True
Is 50697649 a multiple of 34?
False
Is 898651894 a multiple of 1640?
False
Is 270820584 a multiple of 12?
True
Is 15 a factor of 7982879?
False
Is 19 a factor of 210327682?
True
Is 41863170 a multiple of 10?
True
Is 145250691 a m